= -34 + 62. Suppose 0 = -2*i - 3*n + 9, 5*i - 10 = 3*n + 2*n. Suppose -2*z - 2*y = z - 34, 4*y = -i*z + 38. What is the remainder when h is divided by z?
8
Suppose 0 = 5*b - 2*b - 12. Suppose 5 = b*w - 27. What is the remainder when 6 is divided by 2/(2*2/w)?
2
Let y be (-2)/6 - (-128)/(-3). Let u = 79 + y. Suppose -2*q - 3*c = -21, -5*c = 3*q + 2 - u. Calculate the remainder when q is divided by 2.
1
Suppose d - 2*y = -4*y + 3, -3*d + 9 = -5*y. Let u(j) = -j**3 + 4*j**2 - j + 4. What is the remainder when 38 is divided by u(d)?
8
What is the remainder when (-730)/(-7) - (-42)/(-147) is divided by 36?
32
Suppose -2*z = -5*s + 133, -z + 95 = 3*s - 6*z. What is the remainder when 96 is divided by s?
21
Suppose 3*f + 30 = f - 4*w, -4*w = -2*f - 30. Let b = f - -22. Calculate the remainder when 3*((-7)/(-1) - 3) is divided by b.
5
Suppose 0 = 5*c - c + 5*t - 21, -5*t = 3*c - 17. Suppose 2*a - 17 = c*w - 7*w, 0 = 5*a - w - 51. What is the remainder when 56/(-2)*a/(-8) is divided by 12?
11
What is the remainder when 4/(-1 + 3) - (-68 + 52) is divided by 7?
4
Suppose 3*i - 67 = -5*t, 5*i - 4*t + 10 - 60 = 0. Calculate the remainder when 123 is divided by i.
11
Suppose 0 = -5*p + 5*i + 65, 3*p = 4*p + 5*i - 7. Calculate the remainder when p is divided by 5.
2
Suppose -5*t + 2*x = -70, 85 = -0*t + 5*t - 5*x. Let c(s) = -s**2 + 35*s**3 + 3*s - 5 + 4 - 2*s. What is the remainder when c(1) is divided by t?
10
Suppose 4*h - 50 = -y - 7, 2*h + 105 = 5*y. Calculate the remainder when 90 is divided by y.
21
Let y(s) be the second derivative of 7*s**3/6 + s**2 - s. What is the remainder when 30 is divided by y(2)?
14
Let m(v) = v**3 + 2*v**2 + v + 121. What is the remainder when m(0) is divided by 25?
21
Let k = -15 + 24. What is the remainder when 41 is divided by k?
5
Let t(i) = -i**3 - 14*i**2 + 16*i + 17. Let d(a) = 2*a**2 + 4*a + 2. What is the remainder when d(-2) is divided by t(-15)?
0
Suppose 0 = 3*p + 174 - 303. Calculate the remainder when p is divided by 9.
7
Let d = 22 + -19. Suppose -d*u + 33 = -12. Suppose -3*q + 4*m = -8*q + 195, 5*m = q - 68. What is the remainder when q is divided by u?
13
Suppose -2*h = 3*b - 44, -3*h + 19 + 45 = 4*b. What is the remainder when 47 is divided by h?
15
Suppose 5*w + 18 = 13. What is the remainder when 27 is divided by -2 - -12 - (w - -4)?
6
Let z(u) = u**2 - 2*u - 7. Let l = -34 - -60. Suppose l = 2*t - 18. Calculate the remainder when t is divided by z(5).
6
Suppose 15*b = 11*b + 252. What is the remainder when b is divided by 11?
8
Suppose 4*h - 283 - 273 = 0. Calculate the remainder when h is divided by 35.
34
Let h = -55 - -81. Let v(a) = 1. Let x(g) = -g + 11. Let p(c) = -2*v(c) + x(c). Calculate the remainder when h is divided by p(0).
8
Let p = -8 + 32. What is the remainder when 70 is divided by p?
22
Let q = 6 + -2. Calculate the remainder when 5 is divided by q.
1
Suppose -8*x + 183 - 7 = 0. Suppose -i - n + 6*n + 7 = 0, -34 = -3*i + 2*n. What is the remainder when x is divided by i?
10
Suppose s - i + 8 = 0, 5*s + 2*i - 23 + 70 = 0. What is the remainder when 35 is divided by -4*4/(24/s)?
5
Suppose -2*x + x = -2*a - 8, 5*x - 49 = a. What is the remainder when 68 is divided by x?
8
Let p(h) = h**3 + 6*h**2 + 6*h + 6. Let k = -5 + 8. Suppose 0 = x - 5, k*c + 4*x - 102 = c. What is the remainder when c is divided by p(-4)?
13
Let u = -21 + 32. Suppose 4*p + 256 = 772. Suppose 4*l + 0*f - p = f, -2*f - 2 = 0. What is the remainder when l is divided by u?
10
Let f = -59 - -114. Calculate the remainder when f is divided by 19.
17
Let v(p) = -4*p + 0*p - p. Let u be v(-5). Let k = u - 4. What is the remainder when k is divided by 11?
10
Calculate the remainder when 64/6*(-27)/(-18) is divided by 7.
2
Let f = 177 - 161. Let b = 161 - 114. Calculate the remainder when b is divided by f.
15
Suppose -33 = -3*d - 0*d. Let g(c) = 28*c**3 - c**2 + c - 1. Let i be g(1). Let r = 58 - i. What is the remainder when r is divided by d?
9
Let l = 74 + -52. What is the remainder when l is divided by 6?
4
Suppose 5*t - 60 = -5*a, 0 = -5*t + 5*a + 11 + 19. Calculate the remainder when 17 is divided by t.
8
Let w(f) = -8*f + 17. Let o(i) = 2*i - 4. Let b(d) = 18*o(d) + 4*w(d). What is the remainder when 47 is divided by b(5)?
15
Let c(a) = 5*a - 10. Suppose 0 = 2*j - 21 + 3. Calculate the remainder when c(j) is divided by 18.
17
Calculate the remainder when -3 + -1 - (-2 - 30) is divided by 11.
6
Let r(q) = -5*q - 28. What is the remainder when r(-12) is divided by 19?
13
Suppose -5*g = -32 + 2. Suppose g*r - 100 = 2*r. Calculate the remainder when 98 is divided by r.
23
Suppose 19*a - 231 = 12*a. Calculate the remainder when 97 is divided by a.
31
Let x = -15 - -30. What is the remainder when x is divided by 9?
6
What is the remainder when 0 + 1 + (-16)/(-4) is divided by 3?
2
Let h(t) = -t**2 + 8*t - 4. Let q(m) = m**3 + 8*m**2 + 3*m + 5. Let o be q(-6). Let s = -24 + o. Calculate the remainder when s is divided by h(4).
11
Suppose 312 = 3*n + 3*n. Calculate the remainder when n is divided by 10.
2
Let b = 11 - 4. Let y(k) = k**3 - 7*k**2 + 2*k + 3. Suppose 4*m - 3*u - 5 - 185 = 0, -5*u = m - 59. Calculate the remainder when m is divided by y(b).
15
Let o = -1 + 4. Suppose -2*c + 5 = o. What is the remainder when 8 is divided by c + 5 + (-3)/3?
3
Let o(f) = -f - 4. Let t be o(-10). Suppose t*j - 8*j = -182. What is the remainder when j is divided by 23?
22
Suppose 3*r - 33 = -3*g, -2*g + 3*g - 55 = -5*r. Let o(m) = -m**3 + 11*m**2 + m - 9. What is the remainder when 3 is divided by o(r)?
1
Let y(o) = -4*o - 8. Let b = 16 + -22. Calculate the remainder when 79 is divided by y(b).
15
Let q(x) = -x + 4 - 4 + 4. Let y be q(2). Calculate the remainder when (-5)/(y/(-8)*1) is divided by 11.
9
Suppose -4*n + 9 = -m + 52, -4*n = 2*m - 26. What is the remainder when 68 is divided by m?
22
Let g = -29 - -20. What is the remainder when g*(2 + -3)*1 is divided by 3?
0
Let j(v) = 17*v - 7. Let w be 5 - (2 - 2)*-1. Calculate the remainder when j(w) is divided by 27.
24
Suppose 5*c + 100 = 9*c. Calculate the remainder when 48 is divided by c.
23
Suppose -5*y + 14 = 2*x, 4 = -5*x - 11. Let s be (0 - -23) + -3 + 1. Let m = 32 - s. Calculate the remainder when m is divided by y.
3
Let s(p) = -3 - 5 + 5 + 3*p + 0. Calculate the remainder when 33 is divided by s(5).
9
Calculate the remainder when 44 - (-1 - -1)/2 is divided by 1272/56 - (-6)/21.
21
Suppose 5*c - b = 166, -2*c = -b - 13 - 54. Suppose -2*y = r - 10, 4*r + 4*y - 38 = r. What is the remainder when c is divided by r?
15
Suppose 25 = 4*r + 1. Suppose 3*u - h - 55 = -r*h, -4*h = u - 23. Let z(j) = 29*j. What is the remainder when z(1) is divided by u?
14
Suppose -12*h = -9*h. Suppose 4*q + h*q - 36 = 0. Calculate the remainder when q is divided by 6.
3
Suppose -1 = -4*i + 19. Let k be i/3 + (-5)/(-15). What is the remainder when (-1 + k)/(4/76) is divided by 10?
9
Let m(n) = 5*n + 12 - 1 - 4*n. What is the remainder when 12 is divided by m(-8)?
0
Let j = -5 - 19. What is the remainder when j*(0 - 1) - 4 is divided by 11?
9
Let s = 62 + -36. What is the remainder when 102 is divided by s?
24
Let m(t) = 16*t - 5. Let p be m(4). Let a = p + -29. Calculate the remainder when 87 is divided by a.
27
What is the remainder when (1 - -3) + (4 + -3 - -83) is divided by 15?
13
Let q(u) = u**3 - 6*u**2 + 2*u - 2. Let h(y) = -6*y - 5. Calculate the remainder when h(-4) is divided by q(6).
9
Let h(t) = t**2 + 0*t + 5*t - 4*t + t - 8. What is the remainder when h(-9) is divided by 19?
17
Let b(u) = u**3 + 3*u**2 + 5. What is the remainder when 14 is divided by b(-3)?
4
Let r = 9 + -1. Suppose -3*z + 39 = 3*f, z + z - 3*f = 46. Let n = -3 + z. Calculate the remainder when n is divided by r.
6
Let u be ((-4)/(-6))/((-4)/18). Let b = 1 - u. Let a(k) = 2*k - 2. What is the remainder when a(b) is divided by 3?
0
Suppose 0 = -4*s + 2*j + 18, -2*s + 12 + 2 = 4*j. What is the remainder when s is divided by 2?
1
Suppose -2 = 5*k - 12. Suppose -n - 4*n - k*d + 59 = 0, 2*n = 2*d + 32. What is the remainder when n is divided by 7?
6
Let z be 3*9 - (-2 - -2). Let g be (69/4)/(z/72). Suppose -3*k + 0*t + g = 2*t, -5*k + 4*t + 40 = 0. Calculate the remainder when 21 is divided by k.
9
Suppose 0 = -5*i - 2*